{"id":13532,"date":"2022-03-18T14:20:51","date_gmt":"2022-03-18T14:20:51","guid":{"rendered":"https:\/\/kozosenjobb.hu\/?page_id=13532"},"modified":"2022-03-18T14:20:51","modified_gmt":"2022-03-18T14:20:51","slug":"totkomlos-varos-onkormanyzata","status":"publish","type":"page","link":"https:\/\/kozosenjobb.hu\/?page_id=13532","title":{"rendered":"T\u00f3tkoml\u00f3s V\u00e1ros \u00d6nkorm\u00e1nyzata"},"content":{"rendered":"<div class=\"fusion-fullwidth fullwidth-box fusion-builder-row-1 fusion-flex-container nonhundred-percent-fullwidth non-hundred-percent-height-scrolling\" style=\"--awb-border-radius-top-left:0px;--awb-border-radius-top-right:0px;--awb-border-radius-bottom-right:0px;--awb-border-radius-bottom-left:0px;--awb-flex-wrap:wrap;\" ><div class=\"fusion-builder-row fusion-row fusion-flex-align-items-flex-start fusion-flex-content-wrap\" style=\"max-width:1216.8px;margin-left: calc(-4% \/ 2 );margin-right: calc(-4% \/ 2 );\"><div class=\"fusion-layout-column fusion_builder_column fusion-builder-column-0 fusion_builder_column_1_4 1_4 fusion-flex-column\" style=\"--awb-bg-size:cover;--awb-width-large:25%;--awb-margin-top-large:20px;--awb-spacing-right-large:7.68%;--awb-margin-bottom-large:20px;--awb-spacing-left-large:7.68%;--awb-width-medium:25%;--awb-order-medium:0;--awb-spacing-right-medium:7.68%;--awb-spacing-left-medium:7.68%;--awb-width-small:25%;--awb-order-small:0;--awb-spacing-right-small:7.68%;--awb-spacing-left-small:7.68%;\"><div class=\"fusion-column-wrapper fusion-column-has-shadow fusion-flex-justify-content-flex-start fusion-content-layout-column\"><div class=\"fusion-image-element \" style=\"--awb-max-width:200px;--awb-caption-title-font-family:var(--h2_typography-font-family);--awb-caption-title-font-weight:var(--h2_typography-font-weight);--awb-caption-title-font-style:var(--h2_typography-font-style);--awb-caption-title-size:var(--h2_typography-font-size);--awb-caption-title-transform:var(--h2_typography-text-transform);--awb-caption-title-line-height:var(--h2_typography-line-height);--awb-caption-title-letter-spacing:var(--h2_typography-letter-spacing);\"><span class=\" fusion-imageframe imageframe-none imageframe-1 hover-type-none\"><img decoding=\"async\" width=\"640\" height=\"950\" title=\"T\u00f3tkoml\u00f3s c\u00edmer\" src=\"https:\/\/kozosenjobb.hu\/wp-content\/uploads\/2022\/02\/Totkomlos-cimer.png\" data-orig-src=\"http:\/\/kozosenjobb.hu\/wp-content\/uploads\/2022\/02\/Totkomlos-cimer.png\" alt class=\"lazyload img-responsive wp-image-13325\" srcset=\"data:image\/svg+xml,%3Csvg%20xmlns%3D%27http%3A%2F%2Fwww.w3.org%2F2000%2Fsvg%27%20width%3D%27640%27%20height%3D%27950%27%20viewBox%3D%270%200%20640%20950%27%3E%3Crect%20width%3D%27640%27%20height%3D%27950%27%20fill-opacity%3D%220%22%2F%3E%3C%2Fsvg%3E\" data-srcset=\"https:\/\/kozosenjobb.hu\/wp-content\/uploads\/2022\/02\/Totkomlos-cimer-200x297.png 200w, https:\/\/kozosenjobb.hu\/wp-content\/uploads\/2022\/02\/Totkomlos-cimer-400x594.png 400w, https:\/\/kozosenjobb.hu\/wp-content\/uploads\/2022\/02\/Totkomlos-cimer-600x891.png 600w, https:\/\/kozosenjobb.hu\/wp-content\/uploads\/2022\/02\/Totkomlos-cimer.png 640w\" data-sizes=\"auto\" data-orig-sizes=\"(max-width: 1050px) 100vw, (max-width: 640px) 100vw, 400px\" \/><\/span><\/div><\/div><\/div><div class=\"fusion-layout-column fusion_builder_column fusion-builder-column-1 fusion_builder_column_1_2 1_2 fusion-flex-column\" style=\"--awb-bg-size:cover;--awb-width-large:50%;--awb-margin-top-large:20px;--awb-spacing-right-large:3.84%;--awb-margin-bottom-large:20px;--awb-spacing-left-large:3.84%;--awb-width-medium:75%;--awb-order-medium:1;--awb-spacing-right-medium:2.56%;--awb-spacing-left-medium:2.56%;--awb-width-small:75%;--awb-order-small:0;--awb-spacing-right-small:2.56%;--awb-spacing-left-small:2.56%;\"><div class=\"fusion-column-wrapper fusion-column-has-shadow fusion-flex-justify-content-flex-start fusion-content-layout-column\"><div class=\"fusion-title title fusion-title-1 fusion-title-text fusion-title-size-two\"><div class=\"title-sep-container title-sep-container-left fusion-no-large-visibility fusion-no-medium-visibility fusion-no-small-visibility\"><div class=\"title-sep sep- sep-solid\" style=\"border-color:var(--awb-color3);\"><\/div><\/div><span class=\"awb-title-spacer fusion-no-large-visibility fusion-no-medium-visibility fusion-no-small-visibility\"><\/span><h2 class=\"fusion-title-heading title-heading-left fusion-responsive-typography-calculated\" style=\"margin:0;--fontSize:62;line-height:var(--awb-typography1-line-height);\">T\u00f3tkoml\u00f3s V\u00e1ros \u00d6nkorm\u00e1nyzata<\/h2><span class=\"awb-title-spacer\"><\/span><div class=\"title-sep-container title-sep-container-right\"><div class=\"title-sep sep- sep-solid\" style=\"border-color:var(--awb-color3);\"><\/div><\/div><\/div><\/div><\/div><div class=\"fusion-layout-column fusion_builder_column fusion-builder-column-2 fusion_builder_column_1_4 1_4 fusion-flex-column fusion-no-small-visibility fusion-no-medium-visibility\" style=\"--awb-bg-size:cover;--awb-width-large:25%;--awb-margin-top-large:20px;--awb-spacing-right-large:7.68%;--awb-margin-bottom-large:20px;--awb-spacing-left-large:7.68%;--awb-width-medium:100%;--awb-order-medium:0;--awb-spacing-right-medium:1.92%;--awb-spacing-left-medium:1.92%;--awb-width-small:100%;--awb-order-small:0;--awb-spacing-right-small:1.92%;--awb-spacing-left-small:1.92%;\"><div class=\"fusion-column-wrapper fusion-column-has-shadow fusion-flex-justify-content-flex-start fusion-content-layout-column\"><\/div><\/div><div class=\"fusion-layout-column fusion_builder_column fusion-builder-column-3 fusion_builder_column_1_4 1_4 fusion-flex-column fusion-no-small-visibility fusion-no-medium-visibility\" style=\"--awb-bg-size:cover;--awb-width-large:25%;--awb-margin-top-large:20px;--awb-spacing-right-large:7.68%;--awb-margin-bottom-large:20px;--awb-spacing-left-large:7.68%;--awb-width-medium:100%;--awb-order-medium:0;--awb-spacing-right-medium:1.92%;--awb-spacing-left-medium:1.92%;--awb-width-small:100%;--awb-order-small:0;--awb-spacing-right-small:1.92%;--awb-spacing-left-small:1.92%;\"><div class=\"fusion-column-wrapper fusion-column-has-shadow fusion-flex-justify-content-flex-start fusion-content-layout-column\"><\/div><\/div><div class=\"fusion-layout-column fusion_builder_column fusion-builder-column-4 fusion_builder_column_1_2 1_2 fusion-flex-column\" style=\"--awb-bg-blend:overlay;--awb-bg-size:cover;--awb-width-large:50%;--awb-margin-top-large:0px;--awb-spacing-right-large:3.84%;--awb-margin-bottom-large:0px;--awb-spacing-left-large:3.84%;--awb-width-medium:66.666666666667%;--awb-order-medium:3;--awb-spacing-right-medium:2.88%;--awb-spacing-left-medium:2.88%;--awb-width-small:100%;--awb-spacing-right-small:1.92%;--awb-spacing-left-small:1.92%;\"><div class=\"fusion-column-wrapper fusion-flex-justify-content-flex-start fusion-content-layout-column\"><div class=\"fusion-text fusion-text-1\" style=\"--awb-text-transform:none;\"><p style=\"text-align: justify;\"><img decoding=\"async\" class=\"lazyload  wp-image-13546 alignright\" src=\"http:\/\/kozosenjobb.hu\/wp-content\/uploads\/2022\/03\/totkomlos-1.jpg\" data-orig-src=\"http:\/\/kozosenjobb.hu\/wp-content\/uploads\/2022\/03\/totkomlos-1.jpg\" alt=\"\" width=\"182\" height=\"244\" srcset=\"data:image\/svg+xml,%3Csvg%20xmlns%3D%27http%3A%2F%2Fwww.w3.org%2F2000%2Fsvg%27%20width%3D%27182%27%20height%3D%27244%27%20viewBox%3D%270%200%20182%20244%27%3E%3Crect%20width%3D%27182%27%20height%3D%27244%27%20fill-opacity%3D%220%22%2F%3E%3C%2Fsvg%3E\" data-srcset=\"https:\/\/kozosenjobb.hu\/wp-content\/uploads\/2022\/03\/totkomlos-1-200x268.jpg 200w, https:\/\/kozosenjobb.hu\/wp-content\/uploads\/2022\/03\/totkomlos-1-224x300.jpg 224w, https:\/\/kozosenjobb.hu\/wp-content\/uploads\/2022\/03\/totkomlos-1.jpg 398w\" data-sizes=\"auto\" data-orig-sizes=\"(max-width: 182px) 100vw, 182px\" \/>T\u00f3tkoml\u00f3s k\u00e9tnyelv\u0171 telep\u00fcl\u00e9sk\u00e9nt gazdag nemzetis\u00e9gi hagyom\u00e1nyokkal, kult\u00far\u00e1val is rendelkezik. A szlov\u00e1k k\u00f6z\u00f6ss\u00e9g r\u00e1ad\u00e1sul igencsak meghat\u00e1roz\u00f3 a v\u00e1rosban, saj\u00e1t \u00f3vod\u00e1t \u00e9s \u00e1ltal\u00e1nos iskol\u00e1t is m\u0171k\u00f6dtett, \u00e9s t\u00f6bb gy\u0171jtem\u00e9ny is \u0151rzi a nemzetis\u00e9gi \u00e9rt\u00e9keket. Mindemellett a nemzetis\u00e9gi kult\u00fara megjelenik valamennyi m\u0171v\u00e9szeti csoport, p\u00e9ld\u00e1ul a n\u00e9pt\u00e1ncosok munk\u00e1j\u00e1ban. Mindennek k\u00f6sz\u00f6nhet\u0151en a m\u00e1s telep\u00fcl\u00e9sekkel, m\u00e1s hazai szlov\u00e1k nemzetis\u00e9gi k\u00f6z\u00f6ss\u00e9gekkel val\u00f3 kapcsolat\u00e1pol\u00e1s is jellemz\u0151 a telep\u00fcl\u00e9s k\u00f6z\u00f6ss\u00e9gform\u00e1l\u00f3 tev\u00e9kenys\u00e9g\u00e9re.<\/p>\n<p style=\"text-align: justify;\"><img decoding=\"async\" class=\"lazyload  wp-image-13545 alignleft\" src=\"http:\/\/kozosenjobb.hu\/wp-content\/uploads\/2022\/03\/totkomlos-3.jpg\" data-orig-src=\"http:\/\/kozosenjobb.hu\/wp-content\/uploads\/2022\/03\/totkomlos-3.jpg\" alt=\"\" width=\"190\" height=\"142\" srcset=\"data:image\/svg+xml,%3Csvg%20xmlns%3D%27http%3A%2F%2Fwww.w3.org%2F2000%2Fsvg%27%20width%3D%27190%27%20height%3D%27142%27%20viewBox%3D%270%200%20190%20142%27%3E%3Crect%20width%3D%27190%27%20height%3D%27142%27%20fill-opacity%3D%220%22%2F%3E%3C%2Fsvg%3E\" data-srcset=\"https:\/\/kozosenjobb.hu\/wp-content\/uploads\/2022\/03\/totkomlos-3-200x150.jpg 200w, https:\/\/kozosenjobb.hu\/wp-content\/uploads\/2022\/03\/totkomlos-3-300x224.jpg 300w, https:\/\/kozosenjobb.hu\/wp-content\/uploads\/2022\/03\/totkomlos-3.jpg 400w\" data-sizes=\"auto\" data-orig-sizes=\"(max-width: 190px) 100vw, 190px\" \/>Az \u00f6nkorm\u00e1nyzat kiterjedt int\u00e9zm\u00e9nyrendszert m\u0171k\u00f6dtet a kultur\u00e1lis, k\u00f6z\u00f6ss\u00e9gi \u00e9let szervez\u00e9s\u00e9re, tov\u00e1bb\u00e1 sz\u00e9p sz\u00e1mmal m\u0171k\u00f6dnek civil szervezetek is a telep\u00fcl\u00e9sen mind a kult\u00fara, mind a sport ter\u00fclet\u00e9n, de az id\u0151sek is saj\u00e1t csoportosul\u00e1ssal rendelkeznek. A k\u00f6z\u00f6ss\u00e9g szempontj\u00e1b\u00f3l kiemelked\u0151 tev\u00e9kenys\u00e9get v\u00e9gez a Nyugd\u00edjas Klub, a T\u00f3tkoml\u00f3si Ifj\u00fas\u00e1gi Koncert F\u00fav\u00f3szenekar, a Koml\u00f3s N\u00e9pt\u00e1nccsoport \u00e9s a Rozmaring N\u00e9pdalk\u00f6r is, \u00e9s nem szabad megfeledkezni az \u00d6nk\u00e9ntes T\u0171zolt\u00f3 Egyes\u00fcletr\u0151l sem.<\/p>\n<p style=\"text-align: justify;\">Az \u00f6nkorm\u00e1nyzat fenntart\u00e1s\u00e1ban, egys\u00e9ges ir\u00e1ny\u00edt\u00e1s mellett m\u0171k\u00f6dik a m\u0171vel\u0151d\u00e9si k\u00f6zpont, a v\u00e1rosi k\u00f6nyvt\u00e1r \u00e9s a Term\u00e9szet H\u00e1za. A m\u0171vel\u0151d\u00e9si k\u00f6zpont \u00e9s a k\u00f6zel 24 ezer k\u00f6tetet sz\u00e1ml\u00e1l\u00f3 k\u00f6nyvt\u00e1r \u00e9p\u00fclete m\u00e1r szebb id\u0151ket is l\u00e1tott, m\u00e9gis sok esem\u00e9ny \u00e9s pr\u00f3ba h\u00e1zigazd\u00e1ja. A Term\u00e9szet H\u00e1z\u00e1nak helyet ad\u00f3, egykori nev\u00e9n Kisbirtokos \u00e9p\u00fclet a 2010-es \u00e9vek elej\u00e9n k\u00edv\u00fcl-bel\u00fcl meg\u00fajult. \u00cdgy ma m\u00e1r sz\u00e1mos k\u00f6z\u00f6ss\u00e9gi esem\u00e9nynek, de ismeretterjeszt\u0151 el\u0151ad\u00e1soknak, k\u00e9pz\u00e9seknek is a helysz\u00edne, s\u0151t k\u00f6zkedvelt lakodalmi helysz\u00edn.<\/p>\n<p style=\"text-align: justify;\"><img decoding=\"async\" class=\"lazyload wp-image-13547 alignright\" src=\"http:\/\/kozosenjobb.hu\/wp-content\/uploads\/2022\/03\/totkomlos-2.jpg\" data-orig-src=\"http:\/\/kozosenjobb.hu\/wp-content\/uploads\/2022\/03\/totkomlos-2.jpg\" alt=\"\" width=\"231\" height=\"154\" srcset=\"data:image\/svg+xml,%3Csvg%20xmlns%3D%27http%3A%2F%2Fwww.w3.org%2F2000%2Fsvg%27%20width%3D%27231%27%20height%3D%27154%27%20viewBox%3D%270%200%20231%20154%27%3E%3Crect%20width%3D%27231%27%20height%3D%27154%27%20fill-opacity%3D%220%22%2F%3E%3C%2Fsvg%3E\" data-srcset=\"https:\/\/kozosenjobb.hu\/wp-content\/uploads\/2022\/03\/totkomlos-2-200x133.jpg 200w, https:\/\/kozosenjobb.hu\/wp-content\/uploads\/2022\/03\/totkomlos-2-300x200.jpg 300w, https:\/\/kozosenjobb.hu\/wp-content\/uploads\/2022\/03\/totkomlos-2-400x266.jpg 400w, https:\/\/kozosenjobb.hu\/wp-content\/uploads\/2022\/03\/totkomlos-2-600x399.jpg 600w, https:\/\/kozosenjobb.hu\/wp-content\/uploads\/2022\/03\/totkomlos-2.jpg 640w\" data-sizes=\"auto\" data-orig-sizes=\"(max-width: 231px) 100vw, 231px\" \/>A T\u00f3tkoml\u00f3si Szlov\u00e1k T\u00e1jh\u00e1z, a Kopp\u00e1ny J\u00e1nos Szlov\u00e1k N\u00e9prajzi Gy\u0171jtem\u00e9ny \u00e9s a T\u00f3tkoml\u00f3si Szlov\u00e1k Eml\u00e9kh\u00e1z egy-egy \u00e9rdekes sz\u00ednfoltja a telep\u00fcl\u00e9s muze\u00e1lis k\u00edn\u00e1lat\u00e1nak. A kir\u00e1ndul\u00f3k el\u0151szeretettel keresik m\u00e9g fel a Nagykop\u00e1ncsi k\u00e1poln\u00e1t \u00e9s a Tanyam\u00fazeumot is, de a term\u00e9szeti \u00e9rt\u00e9kek k\u00f6z\u00f6tt sz\u00e1mon tartj\u00e1k m\u00e9g az Erzs\u00e9bet ligetet \u00e9s a Maros hordal\u00e9kk\u00fapj\u00e1n kialakult, Sz\u00e1raz-\u00e9rk\u00e9nt elnevezett term\u00e9szetes \u00e1rkot, v\u00edzfoly\u00e1st.<\/p>\n<p style=\"text-align: justify;\">A telep\u00fcl\u00e9s programk\u00edn\u00e1lat\u00e1ban k\u00e9t esem\u00e9ny mindenk\u00e9ppen meghat\u00e1roz\u00f3. Az egyik az augusztus 20-hoz kapcsol\u00f3d\u00f3, h\u00e1romnapos T\u00f3tkoml\u00f3si Napok, ahol a nemzetis\u00e9gi kult\u00fara is meghat\u00e1roz\u00f3 szerepet kap. A m\u00e1sik pedig a kar\u00e1csonyi \u00fcnnepk\u00f6rh\u00f6z kapcsol\u00f3d\u00f3 adventi gyertyagy\u00fajt\u00e1s \u00e9s a j\u00f3t\u00e9konys\u00e1gi c\u00e9llal \u00e9letre h\u00edvott Mindenki Kar\u00e1csonya.<\/p>\n<p style=\"text-align: justify;\">T\u00f3tkoml\u00f3son t\u00e9len-ny\u00e1ron jelent\u0151s a k\u00f6z\u00f6ss\u00e9gi \u00e9let, k\u00f6sz\u00f6nhet\u0151en az \u00f6nkorm\u00e1nyzat elk\u00f6telez\u0151d\u00e9s\u00e9nek a k\u00f6z\u00f6ss\u00e9g\u00e9p\u00edt\u00e9s mellett, illetve az alulr\u00f3l szervez\u0151d\u0151 civil k\u00f6z\u00f6ss\u00e9gek elsz\u00e1nts\u00e1g\u00e1nak.<\/p>\n<p><a href=\"https:\/\/totkomlos.hu\/latnivalok\" target=\"_blank\" rel=\"noopener\">L\u00e1tnival\u00f3k megtekint\u00e9se<\/a><\/p>\n<\/div><\/div><\/div><div class=\"fusion-layout-column fusion_builder_column fusion-builder-column-5 fusion_builder_column_1_4 1_4 fusion-flex-column fusion-no-small-visibility fusion-no-medium-visibility\" style=\"--awb-bg-size:cover;--awb-width-large:25%;--awb-margin-top-large:20px;--awb-spacing-right-large:7.68%;--awb-margin-bottom-large:20px;--awb-spacing-left-large:7.68%;--awb-width-medium:100%;--awb-order-medium:0;--awb-spacing-right-medium:1.92%;--awb-spacing-left-medium:1.92%;--awb-width-small:100%;--awb-order-small:0;--awb-spacing-right-small:1.92%;--awb-spacing-left-small:1.92%;\"><div class=\"fusion-column-wrapper fusion-column-has-shadow fusion-flex-justify-content-flex-start fusion-content-layout-column\"><\/div><\/div><div class=\"fusion-layout-column fusion_builder_column fusion-builder-column-6 fusion_builder_column_1_6 1_6 fusion-flex-column fusion-no-small-visibility fusion-no-large-visibility\" style=\"--awb-bg-size:cover;--awb-width-large:16.666666666667%;--awb-margin-top-large:20px;--awb-spacing-right-large:11.52%;--awb-margin-bottom-large:20px;--awb-spacing-left-large:11.52%;--awb-width-medium:16.666666666667%;--awb-order-medium:4;--awb-spacing-right-medium:11.52%;--awb-spacing-left-medium:11.52%;--awb-width-small:100%;--awb-order-small:0;--awb-spacing-right-small:1.92%;--awb-spacing-left-small:1.92%;\"><div class=\"fusion-column-wrapper fusion-column-has-shadow fusion-flex-justify-content-flex-start fusion-content-layout-column\"><\/div><\/div><div class=\"fusion-layout-column fusion_builder_column fusion-builder-column-7 fusion_builder_column_1_6 1_6 fusion-flex-column fusion-no-small-visibility fusion-no-large-visibility\" style=\"--awb-bg-size:cover;--awb-width-large:16.666666666667%;--awb-margin-top-large:20px;--awb-spacing-right-large:11.52%;--awb-margin-bottom-large:20px;--awb-spacing-left-large:11.52%;--awb-width-medium:16.666666666667%;--awb-order-medium:2;--awb-spacing-right-medium:11.52%;--awb-spacing-left-medium:11.52%;--awb-width-small:100%;--awb-order-small:0;--awb-spacing-right-small:1.92%;--awb-spacing-left-small:1.92%;\"><div class=\"fusion-column-wrapper fusion-column-has-shadow fusion-flex-justify-content-flex-start fusion-content-layout-column\"><\/div><\/div><\/div><\/div>\n","protected":false},"excerpt":{"rendered":"","protected":false},"author":4,"featured_media":0,"parent":0,"menu_order":0,"comment_status":"closed","ping_status":"closed","template":"","meta":{"content-type":"","footnotes":""},"class_list":["post-13532","page","type-page","status-publish","hentry"],"yoast_head":"<!-- This site is optimized with the Yoast SEO plugin v26.2 - https:\/\/yoast.com\/wordpress\/plugins\/seo\/ -->\n<title>T\u00f3tkoml\u00f3s V\u00e1ros \u00d6nkorm\u00e1nyzata - K\u00d6Z\u00d6SENJOBB<\/title>\n<meta name=\"robots\" content=\"index, follow, max-snippet:-1, max-image-preview:large, max-video-preview:-1\" \/>\n<link rel=\"canonical\" href=\"https:\/\/kozosenjobb.hu\/?page_id=13532\" \/>\n<meta property=\"og:locale\" content=\"hu_HU\" \/>\n<meta property=\"og:type\" content=\"article\" \/>\n<meta property=\"og:title\" content=\"T\u00f3tkoml\u00f3s V\u00e1ros \u00d6nkorm\u00e1nyzata - K\u00d6Z\u00d6SENJOBB\" \/>\n<meta property=\"og:url\" content=\"https:\/\/kozosenjobb.hu\/?page_id=13532\" \/>\n<meta property=\"og:site_name\" content=\"K\u00d6Z\u00d6SENJOBB\" \/>\n<meta property=\"og:image\" content=\"http:\/\/kozosenjobb.hu\/wp-content\/uploads\/2022\/03\/totkomlos-1.jpg\" \/>\n<meta name=\"twitter:card\" content=\"summary_large_image\" \/>\n<meta name=\"twitter:label1\" content=\"Becs\u00fclt olvas\u00e1si id\u0151\" \/>\n\t<meta name=\"twitter:data1\" content=\"7 perc\" \/>\n<script type=\"application\/ld+json\" class=\"yoast-schema-graph\">{\"@context\":\"https:\/\/schema.org\",\"@graph\":[{\"@type\":\"WebPage\",\"@id\":\"https:\/\/kozosenjobb.hu\/?page_id=13532\",\"url\":\"https:\/\/kozosenjobb.hu\/?page_id=13532\",\"name\":\"T\u00f3tkoml\u00f3s V\u00e1ros \u00d6nkorm\u00e1nyzata - K\u00d6Z\u00d6SENJOBB\",\"isPartOf\":{\"@id\":\"https:\/\/kozosenjobb.hu\/#website\"},\"primaryImageOfPage\":{\"@id\":\"https:\/\/kozosenjobb.hu\/?page_id=13532#primaryimage\"},\"image\":{\"@id\":\"https:\/\/kozosenjobb.hu\/?page_id=13532#primaryimage\"},\"thumbnailUrl\":\"http:\/\/kozosenjobb.hu\/wp-content\/uploads\/2022\/03\/totkomlos-1.jpg\",\"datePublished\":\"2022-03-18T14:20:51+00:00\",\"breadcrumb\":{\"@id\":\"https:\/\/kozosenjobb.hu\/?page_id=13532#breadcrumb\"},\"inLanguage\":\"hu\",\"potentialAction\":[{\"@type\":\"ReadAction\",\"target\":[\"https:\/\/kozosenjobb.hu\/?page_id=13532\"]}]},{\"@type\":\"ImageObject\",\"inLanguage\":\"hu\",\"@id\":\"https:\/\/kozosenjobb.hu\/?page_id=13532#primaryimage\",\"url\":\"http:\/\/kozosenjobb.hu\/wp-content\/uploads\/2022\/03\/totkomlos-1.jpg\",\"contentUrl\":\"http:\/\/kozosenjobb.hu\/wp-content\/uploads\/2022\/03\/totkomlos-1.jpg\"},{\"@type\":\"BreadcrumbList\",\"@id\":\"https:\/\/kozosenjobb.hu\/?page_id=13532#breadcrumb\",\"itemListElement\":[{\"@type\":\"ListItem\",\"position\":1,\"name\":\"Kezd\u0151lap\",\"item\":\"https:\/\/kozosenjobb.hu\/\"},{\"@type\":\"ListItem\",\"position\":2,\"name\":\"T\u00f3tkoml\u00f3s V\u00e1ros \u00d6nkorm\u00e1nyzata\"}]},{\"@type\":\"WebSite\",\"@id\":\"https:\/\/kozosenjobb.hu\/#website\",\"url\":\"https:\/\/kozosenjobb.hu\/\",\"name\":\"K\u00d6Z\u00d6SENJOBB\",\"description\":\"A j\u00f6v\u0151 k\u00f6z\u00f6ss\u00e9g\u00e9t \u00e9p\u00edtj\u00fck!\",\"potentialAction\":[{\"@type\":\"SearchAction\",\"target\":{\"@type\":\"EntryPoint\",\"urlTemplate\":\"https:\/\/kozosenjobb.hu\/?s={search_term_string}\"},\"query-input\":{\"@type\":\"PropertyValueSpecification\",\"valueRequired\":true,\"valueName\":\"search_term_string\"}}],\"inLanguage\":\"hu\"}]}<\/script>\n<!-- \/ Yoast SEO plugin. -->","yoast_head_json":{"title":"T\u00f3tkoml\u00f3s V\u00e1ros \u00d6nkorm\u00e1nyzata - K\u00d6Z\u00d6SENJOBB","robots":{"index":"index","follow":"follow","max-snippet":"max-snippet:-1","max-image-preview":"max-image-preview:large","max-video-preview":"max-video-preview:-1"},"canonical":"https:\/\/kozosenjobb.hu\/?page_id=13532","og_locale":"hu_HU","og_type":"article","og_title":"T\u00f3tkoml\u00f3s V\u00e1ros \u00d6nkorm\u00e1nyzata - K\u00d6Z\u00d6SENJOBB","og_url":"https:\/\/kozosenjobb.hu\/?page_id=13532","og_site_name":"K\u00d6Z\u00d6SENJOBB","og_image":[{"url":"http:\/\/kozosenjobb.hu\/wp-content\/uploads\/2022\/03\/totkomlos-1.jpg","type":"","width":"","height":""}],"twitter_card":"summary_large_image","twitter_misc":{"Becs\u00fclt olvas\u00e1si id\u0151":"7 perc"},"schema":{"@context":"https:\/\/schema.org","@graph":[{"@type":"WebPage","@id":"https:\/\/kozosenjobb.hu\/?page_id=13532","url":"https:\/\/kozosenjobb.hu\/?page_id=13532","name":"T\u00f3tkoml\u00f3s V\u00e1ros \u00d6nkorm\u00e1nyzata - K\u00d6Z\u00d6SENJOBB","isPartOf":{"@id":"https:\/\/kozosenjobb.hu\/#website"},"primaryImageOfPage":{"@id":"https:\/\/kozosenjobb.hu\/?page_id=13532#primaryimage"},"image":{"@id":"https:\/\/kozosenjobb.hu\/?page_id=13532#primaryimage"},"thumbnailUrl":"http:\/\/kozosenjobb.hu\/wp-content\/uploads\/2022\/03\/totkomlos-1.jpg","datePublished":"2022-03-18T14:20:51+00:00","breadcrumb":{"@id":"https:\/\/kozosenjobb.hu\/?page_id=13532#breadcrumb"},"inLanguage":"hu","potentialAction":[{"@type":"ReadAction","target":["https:\/\/kozosenjobb.hu\/?page_id=13532"]}]},{"@type":"ImageObject","inLanguage":"hu","@id":"https:\/\/kozosenjobb.hu\/?page_id=13532#primaryimage","url":"http:\/\/kozosenjobb.hu\/wp-content\/uploads\/2022\/03\/totkomlos-1.jpg","contentUrl":"http:\/\/kozosenjobb.hu\/wp-content\/uploads\/2022\/03\/totkomlos-1.jpg"},{"@type":"BreadcrumbList","@id":"https:\/\/kozosenjobb.hu\/?page_id=13532#breadcrumb","itemListElement":[{"@type":"ListItem","position":1,"name":"Kezd\u0151lap","item":"https:\/\/kozosenjobb.hu\/"},{"@type":"ListItem","position":2,"name":"T\u00f3tkoml\u00f3s V\u00e1ros \u00d6nkorm\u00e1nyzata"}]},{"@type":"WebSite","@id":"https:\/\/kozosenjobb.hu\/#website","url":"https:\/\/kozosenjobb.hu\/","name":"K\u00d6Z\u00d6SENJOBB","description":"A j\u00f6v\u0151 k\u00f6z\u00f6ss\u00e9g\u00e9t \u00e9p\u00edtj\u00fck!","potentialAction":[{"@type":"SearchAction","target":{"@type":"EntryPoint","urlTemplate":"https:\/\/kozosenjobb.hu\/?s={search_term_string}"},"query-input":{"@type":"PropertyValueSpecification","valueRequired":true,"valueName":"search_term_string"}}],"inLanguage":"hu"}]}},"_links":{"self":[{"href":"https:\/\/kozosenjobb.hu\/index.php?rest_route=\/wp\/v2\/pages\/13532","targetHints":{"allow":["GET"]}}],"collection":[{"href":"https:\/\/kozosenjobb.hu\/index.php?rest_route=\/wp\/v2\/pages"}],"about":[{"href":"https:\/\/kozosenjobb.hu\/index.php?rest_route=\/wp\/v2\/types\/page"}],"author":[{"embeddable":true,"href":"https:\/\/kozosenjobb.hu\/index.php?rest_route=\/wp\/v2\/users\/4"}],"replies":[{"embeddable":true,"href":"https:\/\/kozosenjobb.hu\/index.php?rest_route=%2Fwp%2Fv2%2Fcomments&post=13532"}],"version-history":[{"count":19,"href":"https:\/\/kozosenjobb.hu\/index.php?rest_route=\/wp\/v2\/pages\/13532\/revisions"}],"predecessor-version":[{"id":13555,"href":"https:\/\/kozosenjobb.hu\/index.php?rest_route=\/wp\/v2\/pages\/13532\/revisions\/13555"}],"wp:attachment":[{"href":"https:\/\/kozosenjobb.hu\/index.php?rest_route=%2Fwp%2Fv2%2Fmedia&parent=13532"}],"curies":[{"name":"wp","href":"https:\/\/api.w.org\/{rel}","templated":true}]}}